 the greatest common factor of 21 and g.
7
Let x = 3 - 2. Let r be (-1)/(-2)*(23 - x). What is the highest common factor of 1 and r?
1
Suppose -19 = -g - 3*f, -f + 0*f + 41 = 3*g. Suppose -22 - 30 = -4*c. What is the greatest common factor of g and c?
13
Suppose 7*k = 10*k - 135. What is the highest common divisor of 90 and k?
45
Suppose z = 3*x - 16, 2*x + 4 = 4*x. Let y = -4 - z. Suppose -y = -p - 2*p. Calculate the greatest common divisor of p and 10.
2
Let q(d) = -2*d**3 + 3*d**2 + 2*d + 3. Let n be (0 - -1)/((-1)/2). Let w be q(n). Suppose -w - 24 = -3*u. What is the greatest common divisor of 68 and u?
17
Let x be ((-38)/3)/(4/(-6)). Suppose 0 = -3*n + x + 11. Let j be (-4)/n - 722/(-5). What is the highest common factor of 16 and j?
16
Let q = -50 - -99. What is the greatest common divisor of q and 294?
49
Let m be ((-4)/16)/((-2)/8). What is the highest common factor of 19 and m?
1
Let a be 28/((-1 - 0)/(-2)). Suppose 8 = 2*z + 4*f, -5*f - 23 - 11 = -3*z. What is the highest common factor of a and z?
8
Suppose 3*n + 16 = 6*u - u, n + 12 = 3*u. Suppose 51 + 29 = 8*h. Calculate the highest common divisor of u and h.
5
Let q be 8 + (-2)/1 + 3. What is the greatest common divisor of 36 and q?
9
Suppose h - 6*h + 45 = 0. What is the highest common divisor of 63 and h?
9
Suppose 1 - 89 = -11*c. Calculate the highest common divisor of 44 and c.
4
Suppose s = -4*s - 5*q - 30, 6 = -2*q. Let x be ((0/s)/(-2))/(-2). Let j = 4 - x. Calculate the highest common factor of 8 and j.
4
Suppose 5*u - 29 = 126. Let o = u + 25. What is the greatest common divisor of o and 7?
7
Let j be ((-44)/(-8))/((-5)/(-310)). Calculate the highest common factor of j and 11.
11
Let v be (-3 - (-12)/(-28))*-7. Calculate the greatest common factor of 4 and v.
4
Let r be (2/(-3))/(14/(-399)). Calculate the highest common factor of r and 76.
19
Suppose 5*j - 27 - 18 = 0. Suppose 21 + j = s. Calculate the greatest common divisor of 12 and s.
6
Suppose -a - 4*p = -24, -a - 2*a + 48 = 4*p. What is the greatest common factor of a and 132?
12
Suppose 9*v - 73 = 251. What is the highest common divisor of 144 and v?
36
Suppose -19 = -3*v + 14. Suppose 4*t = 83 - v. Calculate the highest common factor of 90 and t.
18
Suppose 78 + 0 = 13*f. Let i be ((-60)/(-14))/(1/7). What is the greatest common factor of i and f?
6
Let c(j) = -29*j**3 + j**2 + 2*j - 1. Suppose 6*t + 3*d - 2 = t, 24 = -2*t + 5*d. Let f be c(t). Calculate the greatest common factor of 21 and f.
21
Let h = 8 + -7. What is the highest common factor of h and 8?
1
Let w be 12 + (-1 - 2 - -1). Calculate the highest common factor of 50 and w.
10
Suppose 0 = -2*v - 2*v + 4*c + 16, -v = 2*c - 19. Calculate the highest common factor of 9 and v.
9
Suppose -3*d + 3 = -0, -d = -3*p + 65. What is the greatest common factor of 2 and p?
2
Let g be (-7)/(-1) - (0 + 1). Let b be ((-3)/2)/(g/(-8)). Suppose -b*a + 20 = -0*a. What is the greatest common factor of 2 and a?
2
Suppose -2*l = 3*l + r + 101, -l + 4*r - 37 = 0. Let i be 14*(1 + (-33)/l). What is the highest common factor of i and 4?
4
Suppose -4*l - 12 = -7*l. Suppose l*q = -0*q + 16. Suppose 4*c - 1 = 2*f + 3, -5*f = -4*c - 2. Calculate the greatest common factor of q and f.
2
Suppose c = -4 + 28. Suppose 0 = 4*d + 3*v - 145, -186 = -5*d - 0*d + v. Let i = d - 21. Calculate the greatest common factor of i and c.
8
Suppose 2*g = 4*u + 28, -g - 4*u + 0*u = -2. Suppose a - 5 = g. What is the highest common divisor of a and 3?
3
Suppose 4*w + y - 27 = 0, -4*w = w + 4*y - 42. Let k be (1 - -1) + 2 + w. What is the highest common factor of k and 4?
2
Let f = 3 + 1. Let w be -5*(-2 - (-21)/15). Suppose 0 = -5*i + v + 35, 5*v - 9 = -i + w*i. What is the highest common factor of i and f?
4
Let p be 1/2 - (-54)/(-4). Let k be 1*(1 + -1) - p. Suppose -s + 585 = 8*s. Calculate the greatest common divisor of k and s.
13
Let t(v) = 122*v - 1. Let g be t(1). Suppose -3*u + 36 = 10*d - 7*d, u + 10 = d. What is the greatest common factor of g and d?
11
Let m be ((-24)/(-10))/(1/5). Let n be 32/((46/69)/(2 + -1)). What is the highest common factor of n and m?
12
Suppose 0*z - 5 = -z. Let o = 15 - z. What is the greatest common divisor of o and 110?
10
Suppose 0 = n - 1, -2*a = -2*n - n - 73. Calculate the greatest common divisor of a and 57.
19
Suppose 4*q = 114 - 2. Suppose 5*n - d - q = 70, -4*n = -d - 79. Suppose 0 = 4*c - 25 - n. Calculate the highest common factor of 11 and c.
11
Let f = 1 - -1. Suppose -5*x - f = -3*x, -4*v + 3*x + 927 = 0. Let l = v + -123. What is the highest common divisor of 12 and l?
12
Suppose -2*a + 5*z - 6 = 0, -8 - 6 = -5*a - 2*z. Let t = -2 - -6. What is the greatest common factor of t and a?
2
Let a(t) = -t**2 + 9*t + 17. Let c be a(7). What is the greatest common factor of c and 341?
31
Let i(x) = -x**2 - 3*x - 1. Let b be i(-2). Let r(g) = 6*g - 1. Let n be r(b). Suppose -2 = -n*h + 13. What is the highest common divisor of h and 9?
3
Suppose 14 = u + 4. Calculate the greatest common divisor of 10 and u.
10
Suppose 3*q = 4*o + 18, 5*o - 5 = -0*q + q. Calculate the greatest common divisor of q and 10.
10
Suppose 0 = 2*d - 5*w - 245, 4*w + 3 = w. Calculate the highest common factor of d and 12.
12
Let s(t) = 13*t**2 + 2*t - 1. Let l be s(1). Suppose 2*j - 7*j = -970. Let w = j - 96. Calculate the highest common factor of l and w.
14
Suppose -61 + 21 = -4*b. What is the greatest common factor of 40 and b?
10
Let x = 8 - 5. Suppose 3*y - 33 = -x*v + 2*y, -3*v = -2*y - 24. Let a be (-28)/(-8) - 2/(-4). Calculate the greatest common factor of a and v.
2
Suppose 0 = 4*h + h - 25. Suppose -3*p + 31 = p - h*v, 4*p - 71 = -3*v. Calculate the greatest common divisor of p and 7.
7
Let l be -10*(6/(-3) + -9). Let a(v) = 2*v**2 + 8*v + 6. Let t be a(-5). Let y = t + -6. Calculate the highest common factor of y and l.
10
Let a be (-3)/5 + 24/(-10). Let v = -11 - a. Let k be (v/(-6))/(1/6). Calculate the greatest common factor of 4 and k.
4
Let w(y) = -2*y**2 + 9 + 3*y**2 - 5*y - 3*y. Let z be w(7). Suppose -z*c + 40 = 3*c + i, 20 = 5*c + 5*i. What is the highest common factor of 27 and c?
9
Let q = -10 - -22. What is the greatest common divisor of 30 and q?
6
Let f(d) = d. Let m be f(11). Let g = 252 + -175. Calculate the greatest common divisor of m and g.
11
Let x(f) = 13*f**2 + 2*f + 2. Let g be x(-1). Suppose -208 = -p - p. What is the greatest common divisor of g and p?
13
Let q(o) = -o**3 - 6*o**2 - 10*o - 4. Let m be q(-5). Calculate the greatest common divisor of 168 and m.
21
Suppose 0 = 3*t - t - 28. Calculate the greatest common divisor of t and 154.
14
Let b = -12 - -3. Let z be b*1 + 15/5. Let n = z + 16. Calculate the greatest common factor of n and 25.
5
Let k = 2 - -1. Suppose 9 = 2*a + k. Suppose 5*g - 23 - 142 = 0. Calculate the greatest common divisor of g and a.
3
Let i(q) = q - 7. Let r be i(11). What is the greatest common divisor of r and 6?
2
Suppose 0*u - 5*u + 15 = 0. Suppose u*j - 7*j + 65 = -5*f, 4*j = 4*f + 64. Calculate the greatest common factor of j and 3.
3
Let g be 364/35 - ((-8)/5 - -2). Calculate the highest common factor of g and 70.
10
Let k(r) = 4*r - 1. Let q be k(4). Let p = -12 + q. Let a = -21 - -45. Calculate the highest common divisor of p and a.
3
Suppose -g + 0 = 2. Let l be ((-2)/(-4))/(g/(-80)). Let w = -2 + l. Calculate the highest common factor of 12 and w.
6
Suppose -3*d - 21 = 3. Let v be 12/(-3) - d - -68. Let n(q) = q + 18. Let w be n(0). What is the greatest common divisor of w and v?
18
Suppose r + 9 + 6 = w, w = 2*r + 19. What is the greatest common factor of w and 121?
11
Let m = 989 + -685. Suppose -304 = -4*p + m. Let x(i) = 4*i - 1. Let f be x(5). What is the highest common factor of f and p?
19
Let h be (-1)/(-2) - (-5)/2. Let q be (-18)/4*(-2)/h. What is the highest common divisor of 15 and q?
3
Let g(s) = s + 10. Let q be g(-5). Suppose 5*o - q = -0. Let c be (3 - o)/(-2) - -16. Calculate the greatest common factor of c and 75.
15
Let x(p) = 0*p**3 + p**2 + 5 - p**3 + 4*p - p**3. Let v be x(-4). What is the highest common factor of 19 and v?
19
Let r = -11 - -43. Let o = 116 - r. Calculate the highest common divisor of o and 21.
21
Suppose 9*j - 289 = 1475. What is the greatest common factor of j and